s the greatest common divisor of 202 and 648?
2
What is the greatest common factor of 2865 and 339789?
573
What is the highest common factor of 18062 and 22?
22
What is the highest common divisor of 1197 and 441?
63
What is the greatest common divisor of 5968 and 1446494?
746
Calculate the greatest common factor of 152225 and 200.
25
What is the greatest common factor of 6 and 2240?
2
What is the greatest common factor of 9823 and 143209?
517
What is the greatest common divisor of 195 and 27180?
15
What is the highest common divisor of 470140 and 1705?
55
What is the highest common factor of 13055205 and 3594?
1797
Calculate the highest common factor of 12 and 956132.
4
Calculate the highest common divisor of 119 and 17311.
7
What is the greatest common factor of 8732 and 15812?
236
What is the greatest common factor of 144 and 450?
18
What is the highest common factor of 726 and 19074?
66
What is the highest common divisor of 1802 and 21306?
106
Calculate the greatest common factor of 2107 and 637.
49
What is the greatest common factor of 104661 and 2059?
29
What is the greatest common factor of 157780 and 46?
46
What is the highest common factor of 1940410 and 305?
305
What is the highest common divisor of 294 and 401457?
147
Calculate the highest common divisor of 61 and 2.
1
Calculate the highest common factor of 64252 and 16.
4
Calculate the greatest common divisor of 385 and 250460.
35
What is the highest common divisor of 317318 and 58?
58
Calculate the highest common divisor of 125779 and 292.
73
What is the greatest common divisor of 136583 and 657?
73
What is the greatest common factor of 6565 and 1625?
65
What is the highest common factor of 1870 and 198050?
170
What is the greatest common divisor of 910 and 3770?
130
What is the highest common divisor of 576 and 38736?
144
What is the highest common divisor of 3840 and 1680?
240
What is the greatest common divisor of 25886 and 350?
14
What is the highest common divisor of 27616 and 32?
32
What is the highest common divisor of 15254 and 3944?
58
What is the highest common divisor of 39 and 1584362?
13
Calculate the greatest common divisor of 4386810 and 31.
31
Calculate the greatest common factor of 1038 and 186.
6
Calculate the greatest common factor of 7362 and 22986.
18
Calculate the highest common factor of 56867 and 598600.
2993
Calculate the greatest common divisor of 268 and 310210.
134
What is the highest common factor of 63 and 19677?
21
Calculate the greatest common divisor of 215537 and 1148.
287
Calculate the highest common divisor of 13990 and 20.
10
What is the greatest common factor of 472 and 126142?
118
Calculate the highest common divisor of 205 and 129355.
205
What is the greatest common divisor of 223 and 10145831?
223
Calculate the greatest common factor of 4531824 and 18.
18
Calculate the highest common factor of 13702 and 2232.
62
What is the highest common factor of 7333434 and 146?
146
What is the highest common factor of 26 and 774553?
13
Calculate the highest common divisor of 48 and 11624.
8
Calculate the highest common factor of 505493 and 3.
1
Calculate the greatest common divisor of 92 and 3036.
92
What is the greatest common divisor of 5 and 4679?
1
What is the greatest common factor of 19208 and 168?
56
What is the highest common factor of 250 and 19310?
10
Calculate the highest common factor of 166727 and 3289.
253
What is the highest common factor of 26719 and 1925?
77
Calculate the greatest common factor of 137574 and 198.
18
What is the greatest common divisor of 666 and 7490724?
222
Calculate the greatest common factor of 8 and 61156.
4
Calculate the greatest common factor of 23926 and 462.
14
Calculate the greatest common factor of 10422 and 4482.
54
What is the greatest common divisor of 141 and 15095883?
141
What is the highest common factor of 32 and 4473704?
8
Calculate the greatest common divisor of 2259 and 134.
1
What is the highest common divisor of 100382 and 212?
106
Calculate the highest common divisor of 5044 and 884.
52
What is the greatest common divisor of 210 and 196320?
30
What is the greatest common divisor of 529159 and 119?
17
Calculate the highest common factor of 114210 and 16848.
162
Calculate the highest common divisor of 62265 and 945.
105
Calculate the highest common divisor of 30910 and 66.
22
Calculate the highest common factor of 7565 and 40375.
85
What is the greatest common divisor of 204039 and 916?
229
Calculate the greatest common factor of 6 and 114834.
6
Calculate the highest common divisor of 27132 and 275604.
1428
What is the greatest common factor of 444565 and 28556?
649
Calculate the highest common divisor of 31 and 311767.
31
Calculate the highest common factor of 657094 and 106.
106
Calculate the highest common divisor of 11 and 20581.
11
What is the highest common factor of 155 and 914035?
155
What is the highest common factor of 24598 and 25602?
502
Calculate the greatest common factor of 18 and 30258.
18
Calculate the highest common factor of 272995 and 6921.
769
What is the greatest common divisor of 135762 and 204?
102
Calculate the greatest common divisor of 28198 and 138.
46
What is the highest common divisor of 1110 and 3460?
10
What is the greatest common divisor of 19256 and 928?
232
Calculate the highest common factor of 1827 and 6932247.
609
Calculate the greatest common divisor of 1035 and 33948.
207
What is the greatest common factor of 483 and 328587?
21
What is the highest common divisor of 19236 and 840?
84
Calculate the greatest common divisor of 10 and 2001380.
10
What is the greatest common divisor of 1070274 and 348?
174
What is the greatest common factor of 9700 and 95?
5
What is the highest common divisor of 100 and 5227150?
50
Calculate the greatest common divisor of 1 and 15983.
1
What is the greatest common factor of 689352 and 24?
24
Calculate the greatest common factor of 25025 and 301301.
1001
What is the greatest common divisor of 131027 and 13?
13
Calculate the highest common divisor of 3 and 492117.
3
Calculate the greatest common factor of 16704 and 18240.
192
What is the greatest common divisor of 325 and 53975?
25
Calculate the greatest common factor of 6708 and 5616.
156
What is the greatest common divisor of 91027 and 908?
227
Calculate the greatest common factor of 14043 and 68856.
453
Calculate the highest common divisor of 23493 and 15621.
123
Calculate the highest common factor of 26 and 2769039.
13
Calculate the highest common factor of 3356 and 2264461.
839
What is the highest common factor of 84 and 359072?
28
What is the highest common factor of 6 and 25094?
2
What is the highest common factor of 96992 and 928?
32
Calculate the greatest common factor of 199444 and 1309.
119
Calculate the highest common factor of 68 and 288.
4
What is the greatest common divisor of 294860 and 1840?
460
Calculate the greatest common divisor of 3124 and 33.
11
What is the highest common divisor of 368 and 3013?
23
Calculate the greatest common factor of 33583 and 344.
43
What is the greatest common divisor of 742 and 25334?
106
Calculate the greatest common divisor of 329 and 216811.
329
What is the highest common divisor of 86 and 78002?
86
What is the greatest common divisor of 30 and 36015?
15
What is the greatest common divisor of 990 and 757944?
198
Calculate the greatest common factor of 115000 and 368.
184
Calculate the greatest common factor of 2 and 29789.
1
What is the greatest common divisor of 204 and 126732?
12
Calculate the greatest common factor of 1572175 and 550.
275
What is the highest common divisor of 1686 and 12083?
281
What is the highest common divisor of 82166 and 28?
14
Calculate the highest common factor of 105779 and 145351.
761
What is the greatest common divisor of 210087 and 14229?
837
What is the greatest common factor of 3781 and 6368?
199
Calculate the highest common factor of 42168 and 336.
168
What is the highest common divisor of 5400 and 112536?
216
Calculate the greatest common divisor of 4680 and 60.
60
Calculate the highest common divisor of 82691 and 7.
7
What is the greatest common factor of 318906 and 1386?
126
Calculate the highest common factor of 184 and 100.
4
Calculate the greatest common divisor of 11274 and 1290.
6
What is 